llions digit of 2634032011?
3
What is the tens digit of 195921301?
0
What is the tens digit of 203225310?
1
What is the tens digit of 17272104?
0
What is the hundred thousands digit of 469479541?
4
What is the thousands digit of 36911767?
1
What is the ten millions digit of 27995872?
2
What is the ten millions digit of 3644790524?
4
What is the hundred thousands digit of 485090265?
0
What is the hundreds digit of 2664381?
3
What is the hundred millions digit of 101078118?
1
What is the hundreds digit of 371000842?
8
What is the units digit of 495516876?
6
What is the ten thousands digit of 1173328157?
2
What is the ten millions digit of 100085933?
0
What is the ten thousands digit of 50876055?
7
What is the hundred thousands digit of 16336274?
3
What is the millions digit of 267924502?
7
What is the tens digit of 1381427297?
9
What is the billions digit of 2236956829?
2
What is the billions digit of 1606490550?
1
What is the millions digit of 7842471?
7
What is the millions digit of 201922383?
1
What is the units digit of 203473587?
7
What is the millions digit of 1027504200?
7
What is the thousands digit of 576451536?
1
What is the tens digit of 115226015?
1
What is the tens digit of 141506346?
4
What is the hundred millions digit of 482292612?
4
What is the hundreds digit of 41626391?
3
What is the hundred thousands digit of 297657511?
6
What is the thousands digit of 24186334?
6
What is the tens digit of 659907388?
8
What is the hundred thousands digit of 8037421?
0
What is the thousands digit of 61568158?
8
What is the millions digit of 442968816?
2
What is the hundreds digit of 28979544?
5
What is the hundred millions digit of 1413617722?
4
What is the tens digit of 5444777?
7
What is the hundreds digit of 946431046?
0
What is the thousands digit of 2254889852?
9
What is the hundred millions digit of 2909563329?
9
What is the ten millions digit of 131846092?
3
What is the units digit of 657176608?
8
What is the ten millions digit of 355534294?
5
What is the hundreds digit of 56941078?
0
What is the thousands digit of 59255377?
5
What is the tens digit of 156093203?
0
What is the thousands digit of 1987045420?
5
What is the hundred millions digit of 304556193?
3
What is the tens digit of 103677367?
6
What is the hundred thousands digit of 104779786?
7
What is the hundred millions digit of 1894619063?
8
What is the ten thousands digit of 6148665962?
6
What is the units digit of 7864291?
1
What is the ten millions digit of 799725518?
9
What is the hundred millions digit of 543402759?
5
What is the hundred thousands digit of 55696010?
6
What is the ten thousands digit of 823205131?
0
What is the hundred thousands digit of 365830748?
8
What is the hundred thousands digit of 98892132?
8
What is the tens digit of 26728794?
9
What is the hundred millions digit of 8310167868?
3
What is the hundreds digit of 5351755662?
6
What is the tens digit of 2794122040?
4
What is the ten millions digit of 126764816?
2
What is the millions digit of 218670935?
8
What is the ten millions digit of 87686946?
8
What is the ten thousands digit of 52889870?
8
What is the tens digit of 41374370?
7
What is the hundred thousands digit of 827774806?
7
What is the ten millions digit of 207401068?
0
What is the tens digit of 2740025641?
4
What is the millions digit of 88797328?
8
What is the ten millions digit of 1083900591?
8
What is the hundreds digit of 7668178531?
5
What is the hundreds digit of 61966812?
8
What is the hundred millions digit of 148000721?
1
What is the billions digit of 2402214946?
2
What is the ten thousands digit of 97533745?
3
What is the hundreds digit of 45459202?
2
What is the thousands digit of 9093033646?
3
What is the tens digit of 339428004?
0
What is the thousands digit of 722706850?
6
What is the units digit of 142889117?
7
What is the hundreds digit of 25030236?
2
What is the units digit of 1956750837?
7
What is the ten millions digit of 614806448?
1
What is the units digit of 151856270?
0
What is the ten thousands digit of 2421979?
2
What is the thousands digit of 913572731?
2
What is the hundreds digit of 1256569422?
4
What is the hundreds digit of 273197373?
3
What is the tens digit of 904905544?
4
What is the hundreds digit of 16095598?
5
What is the millions digit of 344386002?
4
What is the hundred thousands digit of 877217596?
2
What is the thousands digit of 162906937?
6
What is the hundred millions digit of 1921019494?
9
What is the ten millions digit of 223606780?
2
What is the hundreds digit of 163761104?
1
What is the millions digit of 36185506?
6
What is the tens digit of 574989467?
6
What is the ten thousands digit of 227952828?
5
What is the thousands digit of 33761342?
1
What is the billions digit of 5453717762?
5
What is the thousands digit of 3895162490?
2
What is the ten millions digit of 104373727?
0
What is the units digit of 378302938?
8
What is the units digit of 3644229?
9
What is the ten thousands digit of 577120361?
2
What is the hundred millions digit of 206224853?
2
What is the ten thousands digit of 142700469?
0
What is the ten millions digit of 89596891?
8
What is the units digit of 153079704?
4
What is the thousands digit of 2544325510?
5
What is the millions digit of 939340643?
9
What is the tens digit of 185236825?
2
What is the ten thousands digit of 804683676?
8
What is the units digit of 957156201?
1
What is the thousands digit of 77749288?
9
What is the thousands digit of 79970131?
0
What is the ten thousands digit of 18730405?
3
What is the hundred millions digit of 1865499549?
8
What is the billions digit of 1678222881?
1
What is the hundred thousands digit of 337231359?
2
What is the tens digit of 1300967401?
0
What is the millions digit of 2327778783?
7
What is the hundred thousands digit of 75116440?
1
What is the hundreds digit of 616980678?
6
What is the thousands digit of 311439773?
9
What is the thousands digit of 361531839?
1
What is the thousands digit of 41434173?
4
What is the tens digit of 93710235?
3
What is the millions digit of 160695539?
0
What is the hundreds digit of 2342146646?
6
What is the tens digit of 4154695342?
4
What is the units digit of 74344732?
2
What is the units digit of 562727501?
1
What is the ten thousands digit of 11187703?
8
What is the hundred thousands digit of 121998001?
9
What is the tens digit of 200212228?
2
What is the hundred thousands digit of 40562195?
5
What is the ten thousands digit of 128701918?
0
What is the ten millions digit of 286837261?
8
What is the thousands digit of 600659237?
9
What is the millions digit of 845836099?
5
What is the hundred thousands digit of 3271394384?
3
What is the thousands digit of 791910979?
0
What is the hundred thousands digit of 23010120?
0
What is the thousands digit of 1518238055?
8
What is the hundred millions digit of 2174709357?
1
What is the millions digit of 557719882?
7
What is the units digit of 903073038?
8
What is the ten thousands digit of 171873449?
7
What is the thousands digit of 229594488?
4
What is the hundred millions digit of 1786621375?
7
What is the ten millions digit of 870363663?
7
What is the ten millions digit of 126462150?
2
What is the hundred millions digit of 2463084907?
4
What is the hundred thousands digit of 523840196?
8
What is the tens digit of 224139623?
2
What is the ten thousands digit of 2063933251?
3
What is the billions digit of 3802789819?
3
What is the hundred millions digit of 338833161?
3
What is the millions digit of 72818469?
2
What is the hundreds digit of 718634789?
7
What is the thousands digit of 118753717?
3
What is the hundred millions digit of 356466665?
3
What is the units digit of 80146045?
5
What is the units digit of 587301355?
5
What is the hundred millions digit of 1740678602?
7
What is the hundreds digit of 400844058?
0
What is the tens digit of 77618045?
4
What is the hundred thousands digit of 674874944?
8
What is the tens digit of 889288848?
4
What is the thousands digit of 214820089?
0
What is the ten thousands digit of 156491166?
9
What is the hundred millions digit of 135082931?
1
What is the ten thousands digit of 260767095?
6
What is the hundred millions digit of 1738941607?
7
What is the units digit of 2694021890?
0
What is the millions digit of